{"id":165,"date":"2024-11-24T00:14:17","date_gmt":"2024-11-24T00:14:17","guid":{"rendered":"https:\/\/posparking.cl\/www\/?page_id=165"},"modified":"2024-11-24T23:45:13","modified_gmt":"2024-11-24T23:45:13","slug":"soluciones","status":"publish","type":"page","link":"https:\/\/posparking.cl\/www\/soluciones\/","title":{"rendered":"Soluciones para la operaci\u00f3n y gesti\u00f3n de estacionamientos"},"content":{"rendered":"\n\n\n\n<h4><em><strong>La operaci\u00f3n y gesti\u00f3n de estacionamientos es un servicio integral que abarca desde la administraci\u00f3n diaria hasta la implementaci\u00f3n de tecnolog\u00edas avanzadas para mejorar la eficiencia y la experiencia del usuario. Estos servicios incluyen la supervisi\u00f3n del personal, el mantenimiento de las instalaciones, la gesti\u00f3n de ingresos y la atenci\u00f3n al cliente. POS Parking te ayuda a asegurar que todas las operaciones se realicen de manera fluida y eficiente, garantizando la seguridad y satisfacci\u00f3n de los usuarios.<\/strong><\/em><\/h4>\n\n\n<p><span style=\"color: rgb(72, 76, 77);\">Uno de los aspectos clave de la gesti\u00f3n de estacionamientos es la implementaci\u00f3n de sistemas de control de acceso y pago automatizados. POS Parking provee una app intuitiva y simple que permite el registro de las operaciones diarias de ingresos, salidas, ofreciendo a la vez variadas alternativas de pago.<\/span><\/p>\n<p><span style=\"color: rgb(72, 76, 77);\">El control de las operaciones diarias es posible ejecutarlo mediante opciones de inspecci\u00f3n y recaudaci\u00f3n mediante sistemas de control protegidos y adem\u00e1s registrando estas operaciones de control para una total transparencia.<\/span><\/p>\n<p><span style=\"color: rgb(72, 76, 77);\">El sistema de reporter\u00eda de POS Parking provee variados reportes y mapas que permiten realizar an\u00e1lisis peri\u00f3dicos de datos para identificar rendimiento, tendencias y \u00e1reas de mejora, asegurando que el servicio se adapte continuamente a las necesidades de los usuarios y del mercado.<\/span><\/p>\n\n\n\n\n\n\n\n\n\n\n\n\n","protected":false},"excerpt":{"rendered":"","protected":false},"author":1,"featured_media":0,"parent":0,"menu_order":0,"comment_status":"closed","ping_status":"closed","template":"","meta":{"_siteseo_robots_primary_cat":"","om_disable_all_campaigns":false,"pagelayer_contact_templates":[],"_pagelayer_content":"","_monsterinsights_skip_tracking":false,"_monsterinsights_sitenote_active":false,"_monsterinsights_sitenote_note":"","_monsterinsights_sitenote_category":0,"footnotes":""},"class_list":["post-165","page","type-page","status-publish","hentry"],"aioseo_notices":[],"_links":{"self":[{"href":"https:\/\/posparking.cl\/www\/wp-json\/wp\/v2\/pages\/165","targetHints":{"allow":["GET"]}}],"collection":[{"href":"https:\/\/posparking.cl\/www\/wp-json\/wp\/v2\/pages"}],"about":[{"href":"https:\/\/posparking.cl\/www\/wp-json\/wp\/v2\/types\/page"}],"author":[{"embeddable":true,"href":"https:\/\/posparking.cl\/www\/wp-json\/wp\/v2\/users\/1"}],"replies":[{"embeddable":true,"href":"https:\/\/posparking.cl\/www\/wp-json\/wp\/v2\/comments?post=165"}],"version-history":[{"count":6,"href":"https:\/\/posparking.cl\/www\/wp-json\/wp\/v2\/pages\/165\/revisions"}],"predecessor-version":[{"id":208,"href":"https:\/\/posparking.cl\/www\/wp-json\/wp\/v2\/pages\/165\/revisions\/208"}],"wp:attachment":[{"href":"https:\/\/posparking.cl\/www\/wp-json\/wp\/v2\/media?parent=165"}],"curies":[{"name":"wp","href":"https:\/\/api.w.org\/{rel}","templated":true}]}}